{"id":1823,"date":"2021-03-16T17:29:38","date_gmt":"2021-03-16T17:29:38","guid":{"rendered":"https:\/\/csakegyszeruen.club\/home\/?page_id=1823"},"modified":"2021-03-16T17:47:10","modified_gmt":"2021-03-16T17:47:10","slug":"mobil-aplikacio","status":"publish","type":"page","link":"https:\/\/csakegyszeruen.club\/home\/?page_id=1823","title":{"rendered":"Mobil applik\u00e1ci\u00f3"},"content":{"rendered":"<p>\u00d6r\u00f6mmel tudatom veletek, hogy most m\u00e1r mobilon is el\u00e9rhet\u0151 a Csak egyszer\u0171en m\u0171sor blogja.<\/p>\n<p><img srcset=\"https:\/\/csakegyszeruen.club\/home\/wp-content\/uploads\/2021\/03\/Screenshot_20210316-172422-100x100.png 100w, https:\/\/csakegyszeruen.club\/home\/wp-content\/uploads\/2021\/03\/Screenshot_20210316-172422-142x300.png 142w, https:\/\/csakegyszeruen.club\/home\/wp-content\/uploads\/2021\/03\/Screenshot_20210316-172422-150x150.png 150w, https:\/\/csakegyszeruen.club\/home\/wp-content\/uploads\/2021\/03\/Screenshot_20210316-172422.png 308w\" sizes=\"(min-width: 150px) 308px, (min-width: 142px) 150px, (min-width: 100px) 142px, 100px\" class=\"size-full wp-image-1824 aligncenter\" alt=\"\" width=\"308\" height=\"650\"><\/p>\n<p>Csak annyit kell tenned, hogy let\u00f6lt\u00f6d ezt az alkalmaz\u00e1st \u00e9s m\u00e1r viheted magaddal a m\u0171sorom honlapj\u00e1t \u00e9s &#8211; ha \u00fagy tartja kedved &#8211; ak\u00e1r \u00fat k\u00f6zben is vissza tudod hallgatni a m\u0171soraimat.<\/p>\n<p style=\"text-align: center;\"><span style=\"text-decoration: underline;\"><em><span style=\"color: #993300;\"><a style=\"color: #993300;\" href=\"https:\/\/csakegyszeruen.club\/Just_Simply.apk\"><strong>Csak egyszer\u0171en applik\u00e1ci\u00f3<\/strong><\/a><\/span><\/em><\/span><\/p>\n<p>A telep\u00edt\u00e9ssel \u00e9s az els\u0151 ind\u00edt\u00e1ssal kapcsolatban adn\u00e9k egy kis seg\u00edts\u00e9get, mert egy alkalmaz\u00e1s\u00e9rt nem volt kedven 25 doll\u00e1rt kifizetni a google play-nek, \u00edgy hiba\u00fczenetet \u00edr ki telep\u00edt\u00e9skor \u00e9s az els\u0151 indul\u00e1skoz.<\/p>\n<p>Telep\u00edt\u00e9skor fel fog dobni egy ablakot &#8222;<em><strong>Blocked by play Protect<\/strong><\/em>&#8222;, itt az <em><strong>Install anyway<\/strong><\/em>-t kell v\u00e1lasztani.<br \/>\nAz els\u0151 ind\u00edt\u00e1skor pedig a &#8222;<em><strong>Send app for scanning<\/strong><\/em>&#8221; ablakot dobja fel. Ott a <em><strong>always send unknown app<\/strong><\/em> n\u00e9gyezetet be kell jel\u00f6lni \u00e9s ut\u00e1na a <em><strong>Don&#8217;t send<\/strong><\/em> gombra \u00e9rinteni<\/p>\n","protected":false},"excerpt":{"rendered":"<p>\u00d6r\u00f6mmel tudatom veletek, hogy most m\u00e1r mobilon is el\u00e9rhet\u0151 a Csak egyszer\u0171en m\u0171sor blogja. Csak annyit kell tenned, hogy let\u00f6lt\u00f6d&#8230;<\/p>\n","protected":false},"author":1,"featured_media":0,"parent":0,"menu_order":0,"comment_status":"closed","ping_status":"closed","template":"","meta":{"footnotes":""},"class_list":["post-1823","page","type-page","status-publish","hentry"],"yoast_head":"<!-- This site is optimized with the Yoast SEO plugin v27.2 - https:\/\/yoast.com\/product\/yoast-seo-wordpress\/ -->\n<title>Mobil applik\u00e1ci\u00f3 - Csak egyszer\u0171en<\/title>\n<meta name=\"robots\" content=\"index, follow, max-snippet:-1, max-image-preview:large, max-video-preview:-1\" \/>\n<link rel=\"canonical\" href=\"https:\/\/csakegyszeruen.club\/home\/?page_id=1823\" \/>\n<meta property=\"og:locale\" content=\"hu_HU\" \/>\n<meta property=\"og:type\" content=\"article\" \/>\n<meta property=\"og:title\" content=\"Mobil applik\u00e1ci\u00f3 - Csak egyszer\u0171en\" \/>\n<meta property=\"og:description\" content=\"\u00d6r\u00f6mmel tudatom veletek, hogy most m\u00e1r mobilon is el\u00e9rhet\u0151 a Csak egyszer\u0171en m\u0171sor blogja. Csak annyit kell tenned, hogy let\u00f6lt\u00f6d...\" \/>\n<meta property=\"og:url\" content=\"https:\/\/csakegyszeruen.club\/home\/?page_id=1823\" \/>\n<meta property=\"og:site_name\" content=\"Csak egyszer\u0171en\" \/>\n<meta property=\"article:modified_time\" content=\"2021-03-16T17:47:10+00:00\" \/>\n<meta property=\"og:image\" content=\"https:\/\/csakegyszeruen.club\/home\/wp-content\/uploads\/2021\/03\/Screenshot_20210316-172422.png\" \/>\n<meta name=\"twitter:card\" content=\"summary_large_image\" \/>\n<meta name=\"twitter:label1\" content=\"Becs\u00fclt olvas\u00e1si id\u0151\" \/>\n\t<meta name=\"twitter:data1\" content=\"1 perc\" \/>\n<script type=\"application\/ld+json\" class=\"yoast-schema-graph\">{\"@context\":\"https:\/\/schema.org\",\"@graph\":[{\"@type\":\"WebPage\",\"@id\":\"https:\/\/csakegyszeruen.club\/home\/?page_id=1823\",\"url\":\"https:\/\/csakegyszeruen.club\/home\/?page_id=1823\",\"name\":\"Mobil applik\u00e1ci\u00f3 - Csak egyszer\u0171en\",\"isPartOf\":{\"@id\":\"https:\/\/csakegyszeruen.club\/home\/#website\"},\"primaryImageOfPage\":{\"@id\":\"https:\/\/csakegyszeruen.club\/home\/?page_id=1823#primaryimage\"},\"image\":{\"@id\":\"https:\/\/csakegyszeruen.club\/home\/?page_id=1823#primaryimage\"},\"thumbnailUrl\":\"https:\/\/csakegyszeruen.club\/home\/wp-content\/uploads\/2021\/03\/Screenshot_20210316-172422.png\",\"datePublished\":\"2021-03-16T17:29:38+00:00\",\"dateModified\":\"2021-03-16T17:47:10+00:00\",\"breadcrumb\":{\"@id\":\"https:\/\/csakegyszeruen.club\/home\/?page_id=1823#breadcrumb\"},\"inLanguage\":\"hu\",\"potentialAction\":[{\"@type\":\"ReadAction\",\"target\":[\"https:\/\/csakegyszeruen.club\/home\/?page_id=1823\"]}]},{\"@type\":\"ImageObject\",\"inLanguage\":\"hu\",\"@id\":\"https:\/\/csakegyszeruen.club\/home\/?page_id=1823#primaryimage\",\"url\":\"https:\/\/csakegyszeruen.club\/home\/wp-content\/uploads\/2021\/03\/Screenshot_20210316-172422.png\",\"contentUrl\":\"https:\/\/csakegyszeruen.club\/home\/wp-content\/uploads\/2021\/03\/Screenshot_20210316-172422.png\",\"width\":308,\"height\":650},{\"@type\":\"BreadcrumbList\",\"@id\":\"https:\/\/csakegyszeruen.club\/home\/?page_id=1823#breadcrumb\",\"itemListElement\":[{\"@type\":\"ListItem\",\"position\":1,\"name\":\"Kezd\u0151lap\",\"item\":\"https:\/\/csakegyszeruen.club\/home\"},{\"@type\":\"ListItem\",\"position\":2,\"name\":\"Mobil applik\u00e1ci\u00f3\"}]},{\"@type\":\"WebSite\",\"@id\":\"https:\/\/csakegyszeruen.club\/home\/#website\",\"url\":\"https:\/\/csakegyszeruen.club\/home\/\",\"name\":\"Csak egyszer\u0171en\",\"description\":\"A lemen\u0151 napnak is van ereje\",\"potentialAction\":[{\"@type\":\"SearchAction\",\"target\":{\"@type\":\"EntryPoint\",\"urlTemplate\":\"https:\/\/csakegyszeruen.club\/home\/?s={search_term_string}\"},\"query-input\":{\"@type\":\"PropertyValueSpecification\",\"valueRequired\":true,\"valueName\":\"search_term_string\"}}],\"inLanguage\":\"hu\"}]}<\/script>\n<!-- \/ Yoast SEO plugin. -->","yoast_head_json":{"title":"Mobil applik\u00e1ci\u00f3 - Csak egyszer\u0171en","robots":{"index":"index","follow":"follow","max-snippet":"max-snippet:-1","max-image-preview":"max-image-preview:large","max-video-preview":"max-video-preview:-1"},"canonical":"https:\/\/csakegyszeruen.club\/home\/?page_id=1823","og_locale":"hu_HU","og_type":"article","og_title":"Mobil applik\u00e1ci\u00f3 - Csak egyszer\u0171en","og_description":"\u00d6r\u00f6mmel tudatom veletek, hogy most m\u00e1r mobilon is el\u00e9rhet\u0151 a Csak egyszer\u0171en m\u0171sor blogja. Csak annyit kell tenned, hogy let\u00f6lt\u00f6d...","og_url":"https:\/\/csakegyszeruen.club\/home\/?page_id=1823","og_site_name":"Csak egyszer\u0171en","article_modified_time":"2021-03-16T17:47:10+00:00","og_image":[{"url":"https:\/\/csakegyszeruen.club\/home\/wp-content\/uploads\/2021\/03\/Screenshot_20210316-172422.png","type":"","width":"","height":""}],"twitter_card":"summary_large_image","twitter_misc":{"Becs\u00fclt olvas\u00e1si id\u0151":"1 perc"},"schema":{"@context":"https:\/\/schema.org","@graph":[{"@type":"WebPage","@id":"https:\/\/csakegyszeruen.club\/home\/?page_id=1823","url":"https:\/\/csakegyszeruen.club\/home\/?page_id=1823","name":"Mobil applik\u00e1ci\u00f3 - Csak egyszer\u0171en","isPartOf":{"@id":"https:\/\/csakegyszeruen.club\/home\/#website"},"primaryImageOfPage":{"@id":"https:\/\/csakegyszeruen.club\/home\/?page_id=1823#primaryimage"},"image":{"@id":"https:\/\/csakegyszeruen.club\/home\/?page_id=1823#primaryimage"},"thumbnailUrl":"https:\/\/csakegyszeruen.club\/home\/wp-content\/uploads\/2021\/03\/Screenshot_20210316-172422.png","datePublished":"2021-03-16T17:29:38+00:00","dateModified":"2021-03-16T17:47:10+00:00","breadcrumb":{"@id":"https:\/\/csakegyszeruen.club\/home\/?page_id=1823#breadcrumb"},"inLanguage":"hu","potentialAction":[{"@type":"ReadAction","target":["https:\/\/csakegyszeruen.club\/home\/?page_id=1823"]}]},{"@type":"ImageObject","inLanguage":"hu","@id":"https:\/\/csakegyszeruen.club\/home\/?page_id=1823#primaryimage","url":"https:\/\/csakegyszeruen.club\/home\/wp-content\/uploads\/2021\/03\/Screenshot_20210316-172422.png","contentUrl":"https:\/\/csakegyszeruen.club\/home\/wp-content\/uploads\/2021\/03\/Screenshot_20210316-172422.png","width":308,"height":650},{"@type":"BreadcrumbList","@id":"https:\/\/csakegyszeruen.club\/home\/?page_id=1823#breadcrumb","itemListElement":[{"@type":"ListItem","position":1,"name":"Kezd\u0151lap","item":"https:\/\/csakegyszeruen.club\/home"},{"@type":"ListItem","position":2,"name":"Mobil applik\u00e1ci\u00f3"}]},{"@type":"WebSite","@id":"https:\/\/csakegyszeruen.club\/home\/#website","url":"https:\/\/csakegyszeruen.club\/home\/","name":"Csak egyszer\u0171en","description":"A lemen\u0151 napnak is van ereje","potentialAction":[{"@type":"SearchAction","target":{"@type":"EntryPoint","urlTemplate":"https:\/\/csakegyszeruen.club\/home\/?s={search_term_string}"},"query-input":{"@type":"PropertyValueSpecification","valueRequired":true,"valueName":"search_term_string"}}],"inLanguage":"hu"}]}},"_links":{"self":[{"href":"https:\/\/csakegyszeruen.club\/home\/index.php?rest_route=\/wp\/v2\/pages\/1823","targetHints":{"allow":["GET"]}}],"collection":[{"href":"https:\/\/csakegyszeruen.club\/home\/index.php?rest_route=\/wp\/v2\/pages"}],"about":[{"href":"https:\/\/csakegyszeruen.club\/home\/index.php?rest_route=\/wp\/v2\/types\/page"}],"author":[{"embeddable":true,"href":"https:\/\/csakegyszeruen.club\/home\/index.php?rest_route=\/wp\/v2\/users\/1"}],"replies":[{"embeddable":true,"href":"https:\/\/csakegyszeruen.club\/home\/index.php?rest_route=%2Fwp%2Fv2%2Fcomments&post=1823"}],"version-history":[{"count":5,"href":"https:\/\/csakegyszeruen.club\/home\/index.php?rest_route=\/wp\/v2\/pages\/1823\/revisions"}],"predecessor-version":[{"id":1830,"href":"https:\/\/csakegyszeruen.club\/home\/index.php?rest_route=\/wp\/v2\/pages\/1823\/revisions\/1830"}],"wp:attachment":[{"href":"https:\/\/csakegyszeruen.club\/home\/index.php?rest_route=%2Fwp%2Fv2%2Fmedia&parent=1823"}],"curies":[{"name":"wp","href":"https:\/\/api.w.org\/{rel}","templated":true}]}}