{"id":124,"date":"2017-12-18T08:13:09","date_gmt":"2017-12-18T08:13:09","guid":{"rendered":"http:\/\/csakegyszeruen.club\/home\/?page_id=124"},"modified":"2025-02-08T08:21:08","modified_gmt":"2025-02-08T08:21:08","slug":"keptaram","status":"publish","type":"page","link":"https:\/\/csakegyszeruen.club\/home\/?page_id=124","title":{"rendered":"K\u00e9pt\u00e1ram"},"content":{"rendered":"<p><center>K\u00e9pek ahol szem\u00e9lyesen megjelentem \u00e9s a st\u00fadi\u00f3im k\u00e9pei.<\/center><center><iframe loading=\"lazy\" src=\"https:\/\/csakegyszeruen.club\/Gallery\" width=\"100%\" height=\"700\" frameborder=\"0\"><\/iframe><\/center><\/p>\n","protected":false},"excerpt":{"rendered":"<p>K\u00e9pek ahol szem\u00e9lyesen megjelentem \u00e9s a st\u00fadi\u00f3im k\u00e9pei.<\/p>\n","protected":false},"author":1,"featured_media":0,"parent":0,"menu_order":0,"comment_status":"closed","ping_status":"closed","template":"","meta":{"footnotes":""},"class_list":["post-124","page","type-page","status-publish","hentry"],"yoast_head":"<!-- This site is optimized with the Yoast SEO plugin v27.2 - https:\/\/yoast.com\/product\/yoast-seo-wordpress\/ -->\n<title>K\u00e9pt\u00e1ram - Csak egyszer\u0171en<\/title>\n<meta name=\"robots\" content=\"index, follow, max-snippet:-1, max-image-preview:large, max-video-preview:-1\" \/>\n<link rel=\"canonical\" href=\"https:\/\/csakegyszeruen.club\/home\/?page_id=124\" \/>\n<meta property=\"og:locale\" content=\"hu_HU\" \/>\n<meta property=\"og:type\" content=\"article\" \/>\n<meta property=\"og:title\" content=\"K\u00e9pt\u00e1ram - Csak egyszer\u0171en\" \/>\n<meta property=\"og:description\" content=\"K\u00e9pek ahol szem\u00e9lyesen megjelentem \u00e9s a st\u00fadi\u00f3im k\u00e9pei.\" \/>\n<meta property=\"og:url\" content=\"https:\/\/csakegyszeruen.club\/home\/?page_id=124\" \/>\n<meta property=\"og:site_name\" content=\"Csak egyszer\u0171en\" \/>\n<meta property=\"article:modified_time\" content=\"2025-02-08T08:21:08+00:00\" \/>\n<meta name=\"twitter:card\" content=\"summary_large_image\" \/>\n<script type=\"application\/ld+json\" class=\"yoast-schema-graph\">{\"@context\":\"https:\/\/schema.org\",\"@graph\":[{\"@type\":\"WebPage\",\"@id\":\"https:\/\/csakegyszeruen.club\/home\/?page_id=124\",\"url\":\"https:\/\/csakegyszeruen.club\/home\/?page_id=124\",\"name\":\"K\u00e9pt\u00e1ram - Csak egyszer\u0171en\",\"isPartOf\":{\"@id\":\"https:\/\/csakegyszeruen.club\/home\/#website\"},\"datePublished\":\"2017-12-18T08:13:09+00:00\",\"dateModified\":\"2025-02-08T08:21:08+00:00\",\"breadcrumb\":{\"@id\":\"https:\/\/csakegyszeruen.club\/home\/?page_id=124#breadcrumb\"},\"inLanguage\":\"hu\",\"potentialAction\":[{\"@type\":\"ReadAction\",\"target\":[\"https:\/\/csakegyszeruen.club\/home\/?page_id=124\"]}]},{\"@type\":\"BreadcrumbList\",\"@id\":\"https:\/\/csakegyszeruen.club\/home\/?page_id=124#breadcrumb\",\"itemListElement\":[{\"@type\":\"ListItem\",\"position\":1,\"name\":\"Kezd\u0151lap\",\"item\":\"https:\/\/csakegyszeruen.club\/home\"},{\"@type\":\"ListItem\",\"position\":2,\"name\":\"K\u00e9pt\u00e1ram\"}]},{\"@type\":\"WebSite\",\"@id\":\"https:\/\/csakegyszeruen.club\/home\/#website\",\"url\":\"https:\/\/csakegyszeruen.club\/home\/\",\"name\":\"Csak egyszer\u0171en\",\"description\":\"A lemen\u0151 napnak is van ereje\",\"potentialAction\":[{\"@type\":\"SearchAction\",\"target\":{\"@type\":\"EntryPoint\",\"urlTemplate\":\"https:\/\/csakegyszeruen.club\/home\/?s={search_term_string}\"},\"query-input\":{\"@type\":\"PropertyValueSpecification\",\"valueRequired\":true,\"valueName\":\"search_term_string\"}}],\"inLanguage\":\"hu\"}]}<\/script>\n<!-- \/ Yoast SEO plugin. -->","yoast_head_json":{"title":"K\u00e9pt\u00e1ram - Csak egyszer\u0171en","robots":{"index":"index","follow":"follow","max-snippet":"max-snippet:-1","max-image-preview":"max-image-preview:large","max-video-preview":"max-video-preview:-1"},"canonical":"https:\/\/csakegyszeruen.club\/home\/?page_id=124","og_locale":"hu_HU","og_type":"article","og_title":"K\u00e9pt\u00e1ram - Csak egyszer\u0171en","og_description":"K\u00e9pek ahol szem\u00e9lyesen megjelentem \u00e9s a st\u00fadi\u00f3im k\u00e9pei.","og_url":"https:\/\/csakegyszeruen.club\/home\/?page_id=124","og_site_name":"Csak egyszer\u0171en","article_modified_time":"2025-02-08T08:21:08+00:00","twitter_card":"summary_large_image","schema":{"@context":"https:\/\/schema.org","@graph":[{"@type":"WebPage","@id":"https:\/\/csakegyszeruen.club\/home\/?page_id=124","url":"https:\/\/csakegyszeruen.club\/home\/?page_id=124","name":"K\u00e9pt\u00e1ram - Csak egyszer\u0171en","isPartOf":{"@id":"https:\/\/csakegyszeruen.club\/home\/#website"},"datePublished":"2017-12-18T08:13:09+00:00","dateModified":"2025-02-08T08:21:08+00:00","breadcrumb":{"@id":"https:\/\/csakegyszeruen.club\/home\/?page_id=124#breadcrumb"},"inLanguage":"hu","potentialAction":[{"@type":"ReadAction","target":["https:\/\/csakegyszeruen.club\/home\/?page_id=124"]}]},{"@type":"BreadcrumbList","@id":"https:\/\/csakegyszeruen.club\/home\/?page_id=124#breadcrumb","itemListElement":[{"@type":"ListItem","position":1,"name":"Kezd\u0151lap","item":"https:\/\/csakegyszeruen.club\/home"},{"@type":"ListItem","position":2,"name":"K\u00e9pt\u00e1ram"}]},{"@type":"WebSite","@id":"https:\/\/csakegyszeruen.club\/home\/#website","url":"https:\/\/csakegyszeruen.club\/home\/","name":"Csak egyszer\u0171en","description":"A lemen\u0151 napnak is van ereje","potentialAction":[{"@type":"SearchAction","target":{"@type":"EntryPoint","urlTemplate":"https:\/\/csakegyszeruen.club\/home\/?s={search_term_string}"},"query-input":{"@type":"PropertyValueSpecification","valueRequired":true,"valueName":"search_term_string"}}],"inLanguage":"hu"}]}},"_links":{"self":[{"href":"https:\/\/csakegyszeruen.club\/home\/index.php?rest_route=\/wp\/v2\/pages\/124","targetHints":{"allow":["GET"]}}],"collection":[{"href":"https:\/\/csakegyszeruen.club\/home\/index.php?rest_route=\/wp\/v2\/pages"}],"about":[{"href":"https:\/\/csakegyszeruen.club\/home\/index.php?rest_route=\/wp\/v2\/types\/page"}],"author":[{"embeddable":true,"href":"https:\/\/csakegyszeruen.club\/home\/index.php?rest_route=\/wp\/v2\/users\/1"}],"replies":[{"embeddable":true,"href":"https:\/\/csakegyszeruen.club\/home\/index.php?rest_route=%2Fwp%2Fv2%2Fcomments&post=124"}],"version-history":[{"count":8,"href":"https:\/\/csakegyszeruen.club\/home\/index.php?rest_route=\/wp\/v2\/pages\/124\/revisions"}],"predecessor-version":[{"id":3063,"href":"https:\/\/csakegyszeruen.club\/home\/index.php?rest_route=\/wp\/v2\/pages\/124\/revisions\/3063"}],"wp:attachment":[{"href":"https:\/\/csakegyszeruen.club\/home\/index.php?rest_route=%2Fwp%2Fv2%2Fmedia&parent=124"}],"curies":[{"name":"wp","href":"https:\/\/api.w.org\/{rel}","templated":true}]}}